 - 12 = -4. What is the units digit of h?
6
Suppose a + 4 = -5*p + 3, -2*p = 4. Let u be 2/a + (-4)/18. Suppose 4*w + 6*c - 56 = c, u = 2*w - 2*c - 10. What is the units digit of w?
9
Let l(q) = q**2 - 2. Let c be l(2). What is the units digit of c/(-4)*-12*3?
8
Let c be 14/4 - (-9)/(-6). Suppose 0 = 5*l - c*i - 5, l + i - 9 + 1 = 0. Suppose 0 = -l*w + 12 + 6. What is the units digit of w?
6
Let b = -21 - -9. What is the units digit of (b/(-15))/((-2)/(-40))?
6
Suppose 19 = -2*u + 3*y, -10 = -3*u - 2*u - 4*y. What is the tens digit of 1/(2/(-56)*u)?
1
Let t = -268 + 485. What is the hundreds digit of t?
2
Suppose -3*c = -0*b + 3*b + 6, -5*c = -4*b + 10. Suppose -4*y - y + 35 = b. What is the units digit of y?
7
Let c(v) = v - 2. Let a be c(4). Let f be 9/(-3) + a - 47. What is the units digit of (-13)/(-6) - (-8)/f?
2
Let t be (-10)/20*12/(-2). Suppose b + 13 - 157 = -4*c, 0 = 4*c + t*b - 136. What is the units digit of c?
7
Let f(k) = 50*k**2 - 4*k - 1. What is the tens digit of f(-1)?
5
Suppose 0 = -6*w + 5*w + 2. Suppose -j - 3 = -w*j. Suppose 0*d = -d - j*l - 2, -l + 25 = 4*d. What is the units digit of d?
7
Let h(d) = -4*d - 5. Let q(b) = -2*b + 1. Let z be q(-1). Suppose 4*m + z = -13. What is the tens digit of h(m)?
1
Suppose 0*g = 2*w - 5*g + 19, -2*w + 16 = 2*g. Let c be (-4)/((-4)/w) - -1. Suppose 3*j - 15 = 2*a - c*a, -j + 31 = 5*a. What is the units digit of a?
6
Let a(h) = h**2 - 4*h + 4. Let q = -4 + 8. Suppose 3*l = -5*m + 18, m = q*l + 2*m - 24. What is the tens digit of a(l)?
1
Let d = -10 + 36. What is the units digit of d?
6
Let y(g) be the second derivative of 1/20*g**5 + g**2 + 0 + 1/2*g**3 - 1/2*g**4 + g. What is the tens digit of y(6)?
2
Let m(p) = -p. Let d = 15 + -5. Suppose 3 = -3*s - 2*b, -5*s - 5*b - d = -5. What is the units digit of m(s)?
1
Let b be (-2 - 38/6)*3. Let d = -1 - b. What is the units digit of d?
4
Suppose 0 = 3*m - 3*q + 3 - 9, 5*m + 14 = -3*q. What is the units digit of ((-3)/3)/(m/10)?
0
Suppose -7*n = -5*n - 178. What is the tens digit of n?
8
Let b(y) = 3*y - 2. Let h(i) = -i + 1. Let w(l) = -b(l) - 2*h(l). Let c be (9/6)/((-2)/4). What is the units digit of w(c)?
3
Suppose 5*t - 11 = -1, -u + t = 8. Let v = 7 - -1. Let b = u + v. What is the units digit of b?
2
What is the units digit of (-1)/2*(-5 - 109)?
7
Let p(v) = v**2 + 3*v + 3. Let x be p(-3). Suppose -x*z + z + 4 = 0. Suppose -c = z*c - 3. What is the units digit of c?
1
Suppose 4*a - 3*z - 26 - 5 = 0, -15 = 3*z. Suppose -2*d - 2*d + 3*t - 11 = 0, d + 19 = a*t. What is the units digit of d?
1
Let k(q) = -4 + 5 + q**3 + 0 + 0*q**3 + q. What is the units digit of k(0)?
1
Suppose 23 = 2*g + 5*b, g = 2*b - 0 - 2. What is the units digit of g?
4
Let a(w) = w - 10*w + 4*w**2 - 3*w**2 + 5. Let f be a(9). Suppose 0 = 4*t - 12, 0*y + y - f*t = -9. What is the units digit of y?
6
Let f(x) = -x - 8. Let n be f(-8). Suppose -k - 3*k + 112 = n. What is the tens digit of k?
2
Let d = -17 + 19. Suppose 2*g = -d*g + 88. What is the units digit of g?
2
Let h(l) = -l - 4. What is the units digit of h(-8)?
4
Let t = 11 + -5. Let i(c) = t*c**2 - c + 5 - 7 - c**3 - c. What is the units digit of i(5)?
3
Let b(w) = 18*w - 1. What is the tens digit of b(1)?
1
Let b = 1 - -2. Let o = 19 + b. What is the tens digit of o?
2
Suppose -u = -0*u - 4. What is the units digit of (u/6)/(4/54)?
9
Suppose 4*b + b - 145 = 0. What is the tens digit of b?
2
Let c(q) = 4*q**2 - 4*q + 1. Let t(p) = -p**3 + 2*p**2 + 3*p - 3. Let v be t(2). What is the tens digit of c(v)?
2
Let u(n) = 7*n**3 - n**2 + 4*n + 4. Let c(d) = 4*d**3 + 2*d + 2. Let k(a) = -5*c(a) + 3*u(a). What is the units digit of k(3)?
8
What is the units digit of 13/(-13)*(-1 - 0)?
1
Suppose -2*x - 2 = 2. Suppose 18 = 4*b - b. Let i = x + b. What is the units digit of i?
4
Suppose 0 = -2*k + k + 18. Let r(p) = -p**2 - 8*p - 5. Let q be r(-5). Let b = k - q. What is the units digit of b?
8
What is the tens digit of (25/(-2))/(2/(-4))?
2
Let v(z) = z**3 - 8*z**2 - 11*z - 18. What is the units digit of v(10)?
2
Suppose -5*y = -4*o + 134, -3*y + 150 = 4*o - 0*y. What is the units digit of o?
6
Let o(w) = -100*w - 1. What is the units digit of o(-1)?
9
Suppose 3*b - 6*b - 4*u = 8, 4*b - 21 = u. Let o = 0 + 0. Suppose o = b*a - 0 - 16. What is the units digit of a?
4
Let h = 244 + -152. What is the units digit of h?
2
Let b(y) = y + 16. Let a be b(-10). Let n = a + 0. Suppose 0*u + 3*u = n. What is the units digit of u?
2
Let q be 2/(-8) - (-6)/24. Let y be q - -1 - 4/(-4). Suppose -b + 3 + y = 0. What is the units digit of b?
5
What is the units digit of 15/10 + 14/4?
5
Let z = -15 - -20. What is the units digit of z?
5
Let h = 130 - 92. What is the units digit of h?
8
Let d(r) = -r**3 - 5*r**2 - 3*r + 5. Let n be d(-4). Let z(v) = 3*v. What is the units digit of z(n)?
3
Let x(a) be the first derivative of a**3/3 - 9*a**2/2 + 8*a - 4. Let d be x(8). What is the units digit of 1 + (d + 0 - -16)?
7
Let c(h) = h**2 + 4*h - 5. What is the units digit of c(-8)?
7
Suppose 0 + 2 = -2*k. Let g(x) be the first derivative of -2*x**4 - x**3/3 - x**2/2 - x + 1. What is the units digit of g(k)?
7
Let p(w) = -3*w - w**3 + w + 3*w - w**3 - 4*w**2. What is the units digit of p(-3)?
5
What is the tens digit of (-3 - (-2 - -3)) + 15?
1
Suppose 3*k + j - 69 = 91, j - 270 = -5*k. What is the units digit of k?
5
Let r = 22 - 10. What is the units digit of r?
2
Suppose 2*v - v = -4*f - 344, 0 = 4*v - f + 1359. What is the units digit of (4/5)/((-8)/v)?
4
Let q(l) = 29*l**3 - l**2. Let g(t) = -t**3 + 4*t**2 + t - 3. Let x be g(4). Let u be q(x). Suppose 0 = y - 5*y + u. What is the units digit of y?
7
Let d be 2/(-5) - 172/20. Let m = -14 - d. What is the units digit of -2 - m/((-5)/(-12))?
0
Suppose -5 = 3*u - 2, 329 = 4*h - 5*u. Suppose -110 = -2*t + 4*k - 32, -k - h = -2*t. What is the tens digit of t?
4
Let z(j) be the second derivative of -j**4/12 + j**3/6 + j**2/2 - 2*j. Let q(s) = 6*s**2 - 5*s + 9. Let c(f) = q(f) + 5*z(f). What is the units digit of c(0)?
4
Let z(p) = -17*p + 1. Let q(a) = -a**2 + 6*a + 3. Let s be q(6). Suppose 4*m = m - s. What is the units digit of z(m)?
8
Suppose 4*q - 74 = 2*o, 3*o + o = q - 36. Let d be 7/3 + (-14)/(-21). Suppose 3 = -3*x, 0 = d*y - 3*x + 7 - q. What is the units digit of y?
2
Let d(q) = -q**3 - 6*q**2 - 2*q + 20. What is the units digit of d(-5)?
5
Let q = 5 + -5. What is the units digit of (1 + q)/(2/12)?
6
What is the units digit of (12/60)/((-1)/(-445))?
9
Suppose -13*c + 17*c = 72. What is the units digit of c?
8
Let c be ((-24)/(-30))/(4/(-1730)). Let n be c/14 + (-10)/35. Let g = 42 + n. What is the units digit of g?
7
Let u(n) = 21*n - 2. What is the units digit of u(6)?
4
Let t(g) = -g**3 - 2*g**2 + 3*g + 1. Let o be t(-4). Suppose -2*r + 3*d = -6 - o, -4*d - 12 = 0. What is the units digit of r?
9
Suppose 2 = -4*c - 0*b + 2*b, -c - 4*b = -22. Let j = c + 1. What is the units digit of j?
3
Let l = 3 + -8. Let s = -4 - l. What is the units digit of s?
1
Suppose -30 + 6 = 3*p. What is the tens digit of (-2 - p/3)*21?
1
Suppose f = -f + 6. Suppose 4*b - 4*c - 79 = -c, -4*c - 68 = -f*b. Suppose 0*q + b = 2*q. What is the units digit of q?
8
Let y be (-313)/(-7) - (-2)/7. Suppose -5*w + 71 = 5*k - w, -3*w + y = 3*k. What is the units digit of k?
1
Let n(c) be the first derivative of -c**3/3 - 7*c**2 - 6*c + 3. What is the units digit of n(-13)?
7
Suppose 0 = 5*p - 5, p + 20 = o - 18. What is the tens digit of o?
3
What is the tens digit of 8/(-20) - 234/(-10)?
2
Suppose -3*p - 26 = -173. What is the units digit of 14/p + (-19)/(-7)?
3
Let h(b) = b**2 - 9*b + 1. Let r be h(10). Suppose -r = -4*c - 27. Let k(p) = -p**3 - 3*p**2 + p - 5. What is the units digit of k(c)?
7
Suppose -3*p + 2*q + 515 = 0, p + 2*q + 340 = 3*p. What is the units digit of p?
5
Let d = -2 - -10. What is the units digit of d?
8
Suppose -100 - 184 = -a. What is the hundreds digit of a?
2
Suppose -f - 55 = -6*f. Let m = 25 - f. What is the units digit of m?
4
Suppose 2*z + 10 - 92 = 0. What is the tens digit of z?
4
Let a(z) = -z**2 - z - 4. Let n be a(-4). Let l = 18 + n. What is the units digit of l?
2
Suppose 0 = -3*q + 3*v + 225, -5*q = -2*v - 86 - 301. What is the tens digit of q?
7
Suppose -2*j + 0*j = -8. What 